 of c?
11, 227
Let g = -4432 - -6325. List the prime factors of g.
3, 631
Let y(s) = -494*s - 830. List the prime factors of y(-5).
2, 5, 41
Let z be (-4 - -3)*(1 - 6). Let v(b) = 9*b + 27. What are the prime factors of v(z)?
2, 3
Let u = 50 - 23. Let v = -24 + u. Suppose -6*i = -v*i - 141. What are the prime factors of i?
47
Suppose 7211 = 18*l - 11581. What are the prime factors of l?
2, 3, 29
Let j = -455 - -891. What are the prime factors of j?
2, 109
Let o = 12 - 10. Suppose 0 = -g + 4*g + 5*u - 70, 128 = 4*g - o*u. List the prime factors of g.
2, 3, 5
Let c(i) = -i**2 + 38*i - 62. Let f(x) = -x**3 - 7*x**2 - 10*x - 43. Let s be f(-7). What are the prime factors of c(s)?
5, 47
Let c = -3 + 3. Suppose c = 4*v - 5*v + 27. Let j = v - 12. List the prime factors of j.
3, 5
Let t = 550 + 549. List the prime factors of t.
7, 157
Suppose -2*q - 2*m + 142 + 142 = 0, 2*m + 268 = 2*q. What are the prime factors of q?
2, 3, 23
Let j = 30 - 45. Let p be ((-9)/(-5))/(j/(-25)). Suppose w - 3*w - 5*z = -102, p*w - 4*z = 153. List the prime factors of w.
3, 17
Let h(y) = -3*y**2 + 6*y + 3. Let b be h(-3). Let k be (-4)/(-6)*b/(-28). Let r(j) = 18*j**3 + j. List the prime factors of r(k).
19
Suppose 4*m + 2*q = 4, 3*m - 4*q - 22 = m. Suppose c + k + 45 = 6*k, 3*k + 63 = -m*c. Let n = 41 + c. List the prime factors of n.
2
What are the prime factors of ((-2664)/5 + 2)/((-24)/60)?
1327
Let w(t) = 4*t**2 + 6*t - 6. Let d(r) = -r + 22. Let s be d(15). List the prime factors of w(s).
2, 29
Suppose -c - 1722 = -3*p - 359, -c = -4*p + 1819. List the prime factors of p.
2, 3, 19
Suppose -4*d + 5*v + 177 = -2*d, 2*d - 167 = -5*v. What are the prime factors of d?
2, 43
Suppose 15 - 55 = -5*r. Suppose 2*t - r = 0, -5*b + t + 755 = -4*t. What are the prime factors of b?
5, 31
Suppose -2*i = -u + 498, 0 = -5*i + 5 + 5. Let c = -290 + u. List the prime factors of c.
2, 53
Let n(f) = 2*f**2 + 3*f - 3. Let i be n(-3). Suppose -i*h + 8*h = 116. What are the prime factors of h?
2, 29
Suppose 4*j - 30 = -2*n, -5*j - 2*n = -11 - 25. Suppose 276 = 10*x - j*x. List the prime factors of x.
3, 23
Let o(p) = -24*p + 60. List the prime factors of o(-9).
2, 3, 23
Suppose -5*o - 6 + 36 = 0. Let p = o - 5. Suppose -p = -i, -a = 4*i - i - 30. List the prime factors of a.
3
Suppose 3*j + 15 = -3*o, 0 = -3*o + 3*j - 4*j - 9. Let h(a) = -5*a**3 + a - 3. What are the prime factors of h(o)?
5, 7
Let j(o) = 103*o - 721. List the prime factors of j(28).
3, 7, 103
Suppose -6*n + 33 - 3 = 0. Suppose 0 = -5*o - n - 5. List the prime factors of (-2 - -3)*(-28)/o.
2, 7
What are the prime factors of (-4115)/(-23) + 58/667?
179
Suppose -478 = k + 4*n - 1901, -2*k - 3*n = -2836. List the prime factors of k.
5, 283
Let q be 16/12*-3 - -52. Suppose 5*g - 18 = a + q, 18 = g + a. What are the prime factors of g?
2, 7
Suppose -3*u + 90 = -3*w + 7*w, w = 4*u - 120. Let z = 36 - u. What are the prime factors of z?
2, 3
Suppose -9*g = -86 - 94. List the prime factors of 33/2*g/10.
3, 11
Let q(n) = n**3 + 2*n**2 - 492. Let p be q(0). List the prime factors of (p/(-18))/(4/18).
3, 41
Let y = -2 - -112. Suppose -5*g - 2*d = -g - y, 3*d = -4*g + 105. List the prime factors of g.
2, 3, 5
Let w be (5/(-2))/(2/72). Let h be 12/(-90) - (-1466)/(-30). Let j = h - w. List the prime factors of j.
41
Suppose -14*q = -17*q + 12. Suppose 2*f = v + q*f - 108, -5*v - 3*f + 519 = 0. What are the prime factors of v?
2, 3, 17
Let s = 268 - -44. Suppose -15*j = -19*j + s. What are the prime factors of j?
2, 3, 13
What are the prime factors of (-4242)/(-36)*4 + (-1)/3?
3, 157
Suppose 4*p - 5*z - 303 = 0, 4*z - 146 = -5*p + 202. What are the prime factors of p?
2, 3
Let c be 4/(-5)*15/(-6). Let q(f) = -f**3 + 4*f**2 - 11*f + 15. Let g be q(3). What are the prime factors of c/g - 1270/(-45)?
2, 7
Let k(j) = j**2 - 3*j - 36. Let r be k(-5). Let f(z) = z**3 + 4*z**2 + 5*z + 3. What are the prime factors of f(r)?
151
Suppose -4*o + 2147 + 669 = 0. List the prime factors of o.
2, 11
Let y(n) = -2*n**2 - 169*n + 135. What are the prime factors of y(-75)?
2, 3, 5, 13
Suppose -3*o + 366 = q, 0*o - 3 = -o. List the prime factors of (-3 - (-18)/14)*q/(-6).
2, 3, 17
Suppose -2*g + 856 = h, -846 = -3*g + g + 4*h. List the prime factors of g.
7, 61
Suppose r - 29*j - 124 = -26*j, 4*r + 2*j - 482 = 0. What are the prime factors of r?
11
Suppose 543*f - 288 = 540*f. List the prime factors of f.
2, 3
Let m(z) = -5*z**3 + 5*z**2 + 10. Let g be m(-4). Let t = g - 267. What are the prime factors of t?
11, 13
Let o(a) = 13*a - 63. Let r(b) = -7*b + 32. Let y(n) = 4*o(n) + 7*r(n). List the prime factors of y(16).
2, 5
Suppose -32 = 3*o - 422. Let l = o + -83. What are the prime factors of l?
47
Let d(a) = 3*a - a**3 - 6*a**2 + 2*a + 2*a + 0 + 2. Let p be d(-7). Suppose 0 = -3*g + 2*o + 41, -3*o = -g - p*o + 15. List the prime factors of g.
11
Suppose 5*v = v - 116. Let f = v - -32. List the prime factors of (-4)/6*f + 15.
13
Suppose -7*l - 7592 = -33*l. What are the prime factors of l?
2, 73
Let i(g) = 498*g**3 - g + 1. Let x be i(1). Suppose -f + o = 2*f - 751, -2*f = 2*o - x. List the prime factors of 1/(2 + (-495)/f).
2, 5
Let x(m) = m**3 + m**2 - m. Let o be x(1). Let j(a) = 141*a - 6. List the prime factors of j(o).
3, 5
Let m be (42/18)/(0 - 1/(-3)). Suppose -5*s - 4*y + 716 = -m*y, -3*y = -9. What are the prime factors of s?
5, 29
List the prime factors of 1 + 597 - (-350)/(-70).
593
Let y(g) = g**3 - 46*g**2 - 156*g + 58. List the prime factors of y(50).
2, 1129
Let m be -20*((-338)/(-4))/(-1). Suppose -6*s = -s + 4*g - 1675, 5*s - m = -g. List the prime factors of s.
3, 113
Suppose -14*m + 6019 = -8009. Suppose s = 5*t + 257 - m, 0 = 4*s. What are the prime factors of t?
149
Let s be 0/2 - 9/(-3). Suppose -34 = s*v + 41. What are the prime factors of (1 + (-4)/2)*v?
5
Let b = 2821 + -76. What are the prime factors of b?
3, 5, 61
Let z = 18 - 14. Suppose 6*y - 2*y + 4*a = 412, z*y - 4*a - 396 = 0. What are the prime factors of y?
101
Let m(u) = u**3 + 8*u**2 - 9*u + 4. Let k be m(-9). Suppose h = k, 0 = 4*x + 6*h - h - 16. List the prime factors of (2 + x)*(17 - 10).
7
Let i = 136 - -1026. What are the prime factors of i?
2, 7, 83
Let n(k) = -9*k + 13. Let a be n(3). List the prime factors of (-296)/10*(a - -9).
2, 37
Let s(h) = h**3 - 2*h - 2. Let t be s(2). List the prime factors of (12 - t)/((-3)/84*-2).
2, 5, 7
Let y(b) = b - 15. Let t be y(17). Suppose 0 = -a - a - t*n + 130, 4*n + 136 = 2*a. What are the prime factors of a?
2, 3, 11
Suppose 0 = -2*c - 5*g + 32, 2*c - 4 = 6*g - 4*g. Suppose 4*m + c*s - s - 140 = 0, -2*m - 5*s + 80 = 0. Let f = 61 - m. What are the prime factors of f?
31
Let z = 441 + 124. List the prime factors of z.
5, 113
Let v(y) be the third derivative of -y**4/24 - 7*y**3/6 + 6*y**2. Let i be v(-7). Suppose i*u - 51 = -3*u. List the prime factors of u.
17
Let t be (-278)/(-1) + (-3 - 0). Suppose c = 6*c - t. List the prime factors of c.
5, 11
Let d be (-1)/2 + (-13)/(-2). Suppose 3*t - 5 + 4 = 4*v, -2*v = -t - 1. List the prime factors of (-14)/(14/d - t).
3, 7
Let a be 12*-4*(-1)/(-6)*-1. What are the prime factors of -2 + 14/a + 90/8?
11
Let u(v) = 2*v**2 + v. Let y be u(-3). Let q(z) = z**2 - 12*z + 46. Let k be q(5). Suppose -y - k = -2*d. List the prime factors of d.
13
Suppose -2*p + 1197 = 1025. List the prime factors of p.
2, 43
Let f = 31 - -54. Suppose 0 = 4*h - 411 - f. List the prime factors of h.
2, 31
Let n = -891 - -1786. List the prime factors of n.
5, 179
Let n(g) = 5*g**3 - 16*g**2 + 7*g - 4. What are the prime factors of n(6)?
2, 271
Let x = 2 - -160. Let g = -169 - -397. Let w = g - x. List the prime factors of w.
2, 3, 11
Let o = -3709 - -6746. What are the prime factors of o?
3037
Suppose 3*j = -96 - 102. Let b = -21 - j. What are the prime factors of b?
3, 5
Let y(g) = g**2. Let o be y(3). Suppose 3*x - 4*f + 19 = -o*f, -27 = 3*x - 3*f. Let k = 14 + x. What are the prime factors of k?
2, 3
Let o(n) = -n**2 - 12*n + 19. Let m be o(-13). What are the prime factors of 3 + (m/12)/(2/204)?
2, 3
What are the prime factors of (-2)/((-1)/((-2178)/(-12)))?
3, 11
Suppose -55 = -17*b + 6*b. Suppose 3*y + 365 - 141 = 4*h, 4*y + 281 = b*h. What are the prime factors of h?
53
Let r = 6 - 6. Let x(p) =